of 2562?
2
What is the units digit of 5193?
3
What is the hundreds digit of 865?
8
What is the hundreds digit of 279?
2
What is the tens digit of 33424?
2
What is the tens digit of 21874?
7
What is the ten thousands digit of 18870?
1
What is the thousands digit of 9716?
9
What is the units digit of 1448?
8
What is the units digit of 28852?
2
What is the tens digit of 1276?
7
What is the tens digit of 2397?
9
What is the hundreds digit of 10336?
3
What is the units digit of 2336?
6
What is the units digit of 1131?
1
What is the units digit of 3112?
2
What is the hundreds digit of 4923?
9
What is the thousands digit of 2194?
2
What is the hundreds digit of 32434?
4
What is the hundreds digit of 1194?
1
What is the units digit of 6646?
6
What is the ten thousands digit of 166219?
6
What is the units digit of 1816?
6
What is the hundreds digit of 199?
1
What is the hundreds digit of 731?
7
What is the hundreds digit of 29260?
2
What is the ten thousands digit of 88748?
8
What is the units digit of 2164?
4
What is the units digit of 3479?
9
What is the ten thousands digit of 69265?
6
What is the hundreds digit of 1267?
2
What is the tens digit of 4383?
8
What is the thousands digit of 16967?
6
What is the tens digit of 1768?
6
What is the tens digit of 9839?
3
What is the thousands digit of 49085?
9
What is the hundreds digit of 39806?
8
What is the tens digit of 7122?
2
What is the hundreds digit of 1339?
3
What is the hundreds digit of 883?
8
What is the hundreds digit of 2901?
9
What is the thousands digit of 28506?
8
What is the thousands digit of 15920?
5
What is the tens digit of 471?
7
What is the thousands digit of 1195?
1
What is the hundreds digit of 460?
4
What is the hundreds digit of 4360?
3
What is the hundreds digit of 2435?
4
What is the ten thousands digit of 63920?
6
What is the units digit of 219?
9
What is the hundreds digit of 198?
1
What is the hundreds digit of 1259?
2
What is the units digit of 1917?
7
What is the units digit of 230?
0
What is the hundreds digit of 1156?
1
What is the hundreds digit of 69330?
3
What is the thousands digit of 1621?
1
What is the tens digit of 427?
2
What is the thousands digit of 36007?
6
What is the units digit of 1290?
0
What is the ten thousands digit of 14134?
1
What is the tens digit of 6672?
7
What is the units digit of 3439?
9
What is the units digit of 11603?
3
What is the hundreds digit of 450?
4
What is the tens digit of 11711?
1
What is the thousands digit of 1884?
1
What is the hundreds digit of 7940?
9
What is the ten thousands digit of 27839?
2
What is the hundreds digit of 5413?
4
What is the tens digit of 201?
0
What is the units digit of 8136?
6
What is the tens digit of 210?
1
What is the tens digit of 9441?
4
What is the units digit of 144?
4
What is the ten thousands digit of 22507?
2
What is the ten thousands digit of 57464?
5
What is the ten thousands digit of 78148?
7
What is the units digit of 6859?
9
What is the units digit of 832?
2
What is the thousands digit of 43451?
3
What is the units digit of 4913?
3
What is the tens digit of 754?
5
What is the tens digit of 5261?
6
What is the units digit of 34665?
5
What is the units digit of 763?
3
What is the thousands digit of 2638?
2
What is the hundreds digit of 22302?
3
What is the units digit of 716?
6
What is the thousands digit of 1307?
1
What is the tens digit of 57271?
7
What is the tens digit of 2538?
3
What is the hundreds digit of 64964?
9
What is the tens digit of 1470?
7
What is the units digit of 3228?
8
What is the thousands digit of 3048?
3
What is the tens digit of 608?
0
What is the tens digit of 378?
7
What is the tens digit of 23664?
6
What is the tens digit of 7670?
7
What is the units digit of 960?
0
What is the ten thousands digit of 38356?
3
What is the units digit of 8384?
4
What is the hundreds digit of 1162?
1
What is the ten thousands digit of 126459?
2
What is the hundreds digit of 794?
7
What is the units digit of 6780?
0
What is the tens digit of 10075?
7
What is the hundreds digit of 841?
8
What is the thousands digit of 2152?
2
What is the tens digit of 12401?
0
What is the ten thousands digit of 89953?
8
What is the thousands digit of 1592?
1
What is the units digit of 7642?
2
What is the hundred thousands digit of 181299?
1
What is the hundreds digit of 2179?
1
What is the thousands digit of 3545?
3
What is the units digit of 114?
4
What is the units digit of 23113?
3
What is the hundreds digit of 2405?
4
What is the hundreds digit of 1319?
3
What is the tens digit of 3201?
0
What is the thousands digit of 7419?
7
What is the units digit of 46268?
8
What is the units digit of 4026?
6
What is the tens digit of 42?
4
What is the hundreds digit of 923?
9
What is the tens digit of 48809?
0
What is the thousands digit of 5383?
5
What is the units digit of 5132?
2
What is the units digit of 15265?
5
What is the thousands digit of 5089?
5
What is the ten thousands digit of 15139?
1
What is the thousands digit of 1634?
1
What is the thousands digit of 11032?
1
What is the tens digit of 1652?
5
What is the tens digit of 981?
8
What is the hundreds digit of 43130?
1
What is the thousands digit of 44935?
4
What is the tens digit of 2919?
1
What is the tens digit of 132777?
7
What is the tens digit of 35536?
3
What is the ten thousands digit of 94979?
9
What is the thousands digit of 5048?
5
What is the units digit of 1308?
8
What is the hundreds digit of 40678?
6
What is the thousands digit of 1765?
1
What is the thousands digit of 1801?
1
What is the units digit of 1472?
2
What is the hundreds digit of 786?
7
What is the tens digit of 883?
8
What is the hundreds digit of 18018?
0
What is the thousands digit of 1648?
1
What is the thousands digit of 1795?
1
What is the hundreds digit of 76727?
7
What is the hundreds digit of 5560?
5
What is the thousands digit of 10434?
0
What is the tens digit of 883?
8
What is the hundreds digit of 430?
4
What is the tens digit of 13442?
4
What is the tens digit of 139?
3
What is the tens digit of 376?
7
What is the ten thousands digit of 58694?
5
What is the units digit of 430?
0
What is the thousands digit of 43956?
3
What is the ten thousands digit of 16893?
1
What is the tens digit of 1431?
3
What is the hundreds digit of 1167?
1
What is the hundreds digit of 2003?
0
What is the units digit of 6906?
6
What is the hundreds digit of 4595?
5
What is the hundreds digit of 301?
3
What is the tens digit of 13805?
0
What is the thousands digit of 15569?
5
What is the units digit of 5263?
3
What is the ten thousands digit of 32521?
3
What is the tens digit of 205925?
2
What is the units digit of 963?
3
What is the units digit of 2478?
8
What is the units digit of 78490?
0
What is the hundreds digit of 877?
8
What is the thousands digit of 53798?
3
What is the thousands digit of 82782?
2
What is the hundreds digit of 3143?
1
What is the hundreds digit of 169?
1
What is the hundreds digit of 2457?
4
What is the tens digit of 42850?
5
What is the hundreds digit of 1674?
6
What is the tens digit of 65093?
9
What is the units digit of 249?
9
What is the thousands digit of 81070?
1
What is the tens digit of 1930?
3
What is the tens digit of 1079?
7
What is the thousands digit of 2097?
2
What is the hundreds digit of 20431?
4
What is the ten thousands digit of 102357?
0
What is the hundreds digit of 17130?
1
What is the units digit of 447?
7
What is the hundreds digit of 255?
2
What is the units digit of 80328?
8
What is the tens digit of 55868?
6
What is the tens digit of 8078?
7
What is the ten thousands digit of 132775?
3
What is the tens digit of 3527?
2
What is the units digit of 37740?
0
What is the units digit of 77632?
2
What is the hundreds digit of 1899?
8
What is the thousands digit of 130107?
0
What is the tens digit of 43125?
2
What is the units digit of 23590?
0
What is the thousands digit of 4516?
4
What is the units digit of 1286?
6
What is the hundred thousands digit of 110853?
1
What is the units digit of 91664?
4
What is the units digit of 1848?
8
What is the units digit of 279?
9
What is the hundreds digit of 3399?
3
What is the tens digit of 97424?
2
What is the ten thousands digit of 144661?
4
What is the ten thousands digit of 55866?
5
What is the